n base 3?
111001
Convert -18 (base 16) to base 11.
-22
What is 11101 (base 3) in base 10?
118
-12 (base 3) to base 14
-5
What is 35 (base 13) in base 8?
54
Convert -10b (base 15) to base 13.
-152
What is 3 (base 12) in base 11?
3
1 (base 4) to base 8
1
1 (base 2) to base 12
1
Convert 35 (base 14) to base 8.
57
-13 (base 4) to base 13
-7
-2 (base 3) to base 8
-2
Convert 201 (base 7) to base 3.
10200
What is -5 (base 16) in base 13?
-5
What is 1 (base 8) in base 10?
1
-1121 (base 3) to base 5
-133
What is 22 (base 3) in base 12?
8
-55 (base 6) to base 15
-25
10 (base 8) to base 14
8
What is -1303 (base 4) in base 11?
-a5
Convert 21 (base 3) to base 12.
7
What is 1 (base 16) in base 12?
1
-63 (base 10) to base 4
-333
220 (base 3) to base 13
1b
What is 2 (base 7) in base 2?
10
-52 (base 7) to base 6
-101
-313 (base 7) to base 2
-10011101
Convert 7 (base 14) to base 8.
7
What is -10 (base 3) in base 10?
-3
What is -10 (base 5) in base 2?
-101
-4 (base 8) to base 16
-4
-1 (base 5) to base 12
-1
Convert 111 (base 3) to base 15.
d
Convert -1 (base 5) to base 3.
-1
21 (base 5) to base 4
23
Convert 2 (base 8) to base 6.
2
What is 155 (base 9) in base 5?
1011
-4 (base 10) to base 9
-4
23 (base 11) to base 8
31
16 (base 14) to base 7
26
Convert 12 (base 9) to base 5.
21
-100100100 (base 2) to base 14
-16c
What is -2 (base 5) in base 3?
-2
12 (base 8) to base 2
1010
Convert -1 (base 13) to base 2.
-1
Convert 326 (base 10) to base 16.
146
14d (base 14) to base 11
221
-402 (base 9) to base 15
-16b
Convert 11 (base 7) to base 14.
8
-1440 (base 5) to base 14
-137
What is 30 (base 4) in base 13?
c
Convert 3 (base 7) to base 3.
10
What is 112 (base 4) in base 2?
10110
4 (base 10) to base 6
4
Convert 100100001 (base 2) to base 5.
2124
What is 10 (base 4) in base 10?
4
What is 36 (base 10) in base 14?
28
-3 (base 16) to base 7
-3
What is -2 (base 3) in base 2?
-10
-244 (base 8) to base 13
-c8
What is d (base 16) in base 6?
21
Convert 500 (base 6) to base 16.
b4
Convert 14 (base 12) to base 16.
10
What is 213 (base 6) in base 12?
69
-1 (base 10) to base 12
-1
What is -1 (base 11) in base 14?
-1
-11 (base 8) to base 2
-1001
Convert 10 (base 5) to base 16.
5
Convert -23 (base 14) to base 6.
-51
Convert 2 (base 4) to base 2.
10
2 (base 14) to base 6
2
What is 20 (base 12) in base 14?
1a
What is -6a (base 11) in base 3?
-2211
What is 1 (base 2) in base 13?
1
-15 (base 10) to base 9
-16
What is a (base 12) in base 16?
a
-1000 (base 2) to base 16
-8
-10 (base 16) to base 8
-20
Convert -3 (base 15) to base 7.
-3
Convert -203 (base 4) to base 13.
-29
Convert -9 (base 12) to base 9.
-10
-402 (base 5) to base 14
-74
What is 210 (base 10) in base 14?
110
1 (base 14) to base 15
1
-56 (base 7) to base 12
-35
What is -1 (base 10) in base 12?
-1
-101 (base 4) to base 8
-21
What is d3 (base 14) in base 10?
185
61 (base 14) to base 4
1111
-1 (base 10) to base 12
-1
What is 144 (base 12) in base 6?
524
Convert -154 (base 8) to base 4.
-1230
1223 (base 5) to base 15
c8
Convert -1 (base 9) to base 4.
-1
-10 (base 11) to base 9
-12
What is 17 (base 15) in base 4?
112
18 (base 9) to base 16
11
What is -100101 (base 2) in base 11?
-34
What is -4 (base 16) in base 7?
-4
Convert -11020 (base 3) to base 7.
-222
What is -2 (base 11) in base 4?
-2
Convert 3 (base 4) to base 15.
3
20 (base 14) to base 3
1001
What is -11 (base 2) in base 4?
-3
-d (base 16) to base 3
-111
Convert fe (base 16) to base 8.
376
Convert 57 (base 8) to base 6.
115
What is 3c (base 16) in base 6?
140
What is 1 (base 9) in base 3?
1
22 (base 4) to base 3
101
Convert 7 (base 8) to base 7.
10
77 (base 10) to base 15
52
What is 7 (base 14) in base 4?
13
Convert -11202 (base 3) to base 13.
-9b
Convert 4 (base 7) to base 8.
4
What is -114 (base 7) in base 8?
-74
15 (base 9) to base 10
14
-1 (base 8) to base 14
-1
11 (base 4) to base 7
5
What is -20 (base 10) in base 12?
-18
Convert -1 (base 7) to base 9.
-1
What is 4 (base 6) in base 11?
4
-5 (base 7) to base 13
-5
Convert -11 (base 2) to base 9.
-3
-200 (base 6) to base 4
-1020
Convert a1 (base 12) to base 6.
321
Convert 146 (base 9) to base 3.
11120
Convert 0 (base 15) to base 9.
0
What is -2 (base 4) in base 15?
-2
12 (base 3) to base 13
5
What is -8c (base 13) in base 5?
-431
-3 (base 14) to base 15
-3
What is b9 (base 12) in base 9?
166
What is 15 (base 7) in base 6?
20
What is -5 (base 10) in base 12?
-5
What is -66 (base 11) in base 8?
-110
What is -153 (base 11) in base 2?
-10110011
b (base 14) to base 10
11
What is 61 (base 7) in base 3?
1121
Convert 15 (base 7) to base 9.
13
What is -51 (base 8) in base 9?
-45
Convert 2 (base 14) to base 13.
2
Convert -53 (base 11) to base 6.
-134
What is -8 (base 13) in base 5?
-13
Convert 3 (base 13) to base 5.
3
9 (base 10) to base 14
9
12 (base 13) to base 7
21
Convert 40 (base 6) to base 5.
44
10 (base 11) to base 2
1011
Convert 1 (base 10) to base 13.
1
Convert -6 (base 14) to base 3.
-20
Convert -d (base 16) to base 7.
-16
2000 (base 3) to base 14
3c
What is -293 (base 10) in base 3?
-101212
Convert -101 (base 3) to base 8.
-12
Convert -3 (base 8) to base 3.
-10
Convert -131 (base 7) to base 14.
-51
What is 26 (base 8) in base 7?
31
-4 (base 11) to base 8
-4
Convert -1 (base 9) to base 13.
-1
Convert -1003 (base 5) to base 3.
-11202
What is -49 (base 13) in base 16?
-3d
10 (base 5) to base 10
5
Convert -1112 (base 4) to base 16.
-56
3 (base 4) to base 15
3
What is -33 (base 13) in base 6?
-110
Convert 4 (base 6) to base 12.
4
What is 10010 (base 3) in base 14?
60
What is 1 (base 12) in base 6?
1
What is -1 (base 5) in base 3?
-1
What is -120 (base 4) in base 5?
-44
1a7 (base 11) to base 9
284
Convert 35 (base 9) to base 12.
28
What is -5 (base 7) in base 14?
-5
Convert 287 (base 9) to base 13.
157
-9 (base 15) to base 11
-9
Convert 14 (base 9) to base 12.
11
Convert 3 (base 16) to base 12.
3
Convert -36 (base 15) to base 7.
-102
Convert -42 (base 7) to base 10.
-30
Convert 41 (base 10) to base 7.
56
Convert -26 (base 7) to base 4.
-110
What is 12 (base 4) in base 8?
6
What is 7 (base 9) in base 5?
12
What is -4 (base 8) in base 13?
-4
-11 (base 13) to base 9
-15
Convert -2 (base 6) to base 14.
-2
-2022 (base 3) to base 7
-116
10203 (base 4) to base 13
195
What is 215 (base 6) in base 15?
58
Convert b (base 16) to base 5.
21
17 (base 9) to base 2
10000
b6 (base 14) to base 7
316
-101 (base 2) to base 12
-5
-221 (base 4) to base 10
-41
What is 23 (base 4) in base 16?
b
What is -50 (base 10) in base 12?
-42
What is -2 (base 13) in base 6?
-2
What is 36 (base 9) in base 15?
23
-1 (base 3) to base 8
-1
Convert 11 (base 3) to base 7.
4
1b (base 14) to base 4
121
Convert 10001000 (base 2) to base 12.
b4
What is 1302 (base 5) in base 16?
ca
Convert -2 (base 15) to base 8.
-2
-10 (base 7) to base 14
-7
3 (base 7) to base 6
3
13 (base 10) to base 9
14
1 (base 10) to base 15
1
-64 (base 8) to base 5
-202
-4 (base 13) to base 15
-4
1 (base 14) to base 10
1
Convert -9 (base 13) to base 8.
-11
What is 2 (base 13) in base 8?
2
Convert 7 (base 11) to base 6.
11
What is -5 (base 13) in base 6?
-5
What is 0 (base 4) in base 7?
0
Convert -36 (base 12) to base 15.
-2c
What is 1 (base 14) in base 8?
1
What is -1 (base 10) in base 5?
-1
What is 4 (base 5) in base 3?
11
6 (base 9) to base 4
12
Convert 2 (base 9) to base 13.
2
244 (base 5) to base 9
82
Convert 3 (base 14) to base 12.
3
What is -6 (base 16) in base 14?
-6
What is 1 (base 16) in base 2?
1
3 (base 13) to base 12
3
Convert 12 (base 12) to base 13.
11
-1 (base 2) to base 8
-1
What is 5 (base 16) in base 13?
5
Convert -63 (base 11) to base 10.
-69
18 (base 13) to base 15
16
Convert 0 (base 11) to base 16.
0
What is 0 (base 11) in base 16?
0
-2 (base 9) to base 5
-2
41 (base 7) to base 15
1e
3 (base 14) to base 13
3
-8 (base 12) to base 2
-1000
Convert 12 (base 3) to base 8.
5
Convert 4 (base 8) to base 6.
4
Convert -176 (base 10) to base 14.
-c8
What is -42 (base 6) in base 10?
-26
What is 4 (base 10) in base 12?
4
What is 10211 (base 3) in base 8?
147
Convert -2 (base 6) to base 13.
-2
Convert 43 (base 6) to base 2.
11011
What is -2 (base 15) in base 4?
-2
Convert 18 (base 13) to base 3.
210
Convert 1 (base 3) to base 12.
1
-113 (base 5) to base 12
-29
Convert -11222 (base 3) to ba